uppose 3*s - 449*f = -453*f + 211, 4*s = f + 294. Suppose 4*x - 2*x = 80. What is the remainder when s is divided by x?
33
Let f = -248 + 250. Suppose f*h = 5*o + 36, -7*h + 3*h + 72 = -o. Calculate the remainder when h is divided by 11.
7
Suppose 5*u = 5*z - 25, -4*u = 4*z - 7*z + 17. Suppose -4*l = 4*d - 2*l - 158, z*d - 101 = 2*l. What is the remainder when d is divided by 10?
7
Suppose 2*h + 9772 = 3*b, b + 1425 = -3*h + 4697. What is the remainder when b is divided by 7?
5
Suppose 1921 = -34*l - 15827. Let g = -518 - l. What is the remainder when 34 is divided by g?
2
Let b be -18*(78/(-12) + 5). Suppose -45*t - b = -48*t. Calculate the remainder when 105 is divided by t.
6
Let z(j) = 5*j**2 - 1 - j - 6*j + 0*j + 4*j - 2*j**2. Calculate the remainder when 148 is divided by z(-1).
3
Let d(a) = 190*a - 968. What is the remainder when d(9) is divided by 155?
122
Let p = -708962 - -709039. Suppose 0 = w + 68 - 3. Let y = -38 - w. What is the remainder when p is divided by y?
23
Let r be (-2 + (-70)/6)*-3. Suppose -6*g + r - 11 = 0. Suppose 3*a - 48 = -3*v, -g*v = -2*a - a + 48. Calculate the remainder when 30 is divided by a.
14
Suppose 27*x = 29*x - 64. Suppose 0 = -17*j + 21*j - x. Calculate the remainder when 13 is divided by j.
5
Suppose 0 = 33*t - 29*t - 120. Let f = t + -26. Suppose 2*d = f*d - 100. Calculate the remainder when 96 is divided by d.
46
Let o(w) = -8*w + 29. Let j be o(4). What is the remainder when 40 is divided by (j - (-21)/1)*(-1)/(-2)?
4
Let a(v) = v**3 + 5*v**2 - v - 10. Suppose 5*g - 48 = -48. What is the remainder when a(-3) is divided by (-14)/(-49) - g - (-40)/7?
5
Suppose 3*q - 120 = -3*h, -q + 2*h = -0*h - 31. Suppose 5*p - a = 65, 3*p - q - 2 = a. Calculate the remainder when 142 is divided by p.
12
Let u = 679 - 656. Suppose 0 = -2*a + 21 + 3. Calculate the remainder when u is divided by a.
11
Let h = 9724 - 9478. What is the remainder when h is divided by 15?
6
Let x be -1 - ((-24)/(-16))/((-3)/(-10)). Calculate the remainder when (-1)/(8/(-198)) + 8/32 is divided by 10/(-35) - 17/14*x.
4
Suppose y - 6*y = 0, -10 = -5*v - 2*y. Suppose -v*r = -5*c - 46, 3*r = -3*c + c + 107. Calculate the remainder when 96 is divided by r.
30
Let n(i) = 48*i + 21. Let m be n(-2). Let c = m + 91. Calculate the remainder when 76 is divided by c.
12
Let p(w) = w**3 + 8*w**2 - 3*w - 38. Let x be 378/(-36)*4/6. Calculate the remainder when 46 is divided by p(x).
14
Suppose 0 = -50*d + 1442 + 708. What is the remainder when 211 is divided by d?
39
Calculate the remainder when 2621 is divided by (-1 + 1 - -6)/(37/851).
137
Let b(z) = z**2 - 2*z - 13. Let k be b(5). Suppose -20 = k*p - 66. What is the remainder when p is divided by 2 + 4 + 2 - 2?
5
Let a(u) = 2*u**2 - 12*u + 20. Let y be (-56)/42 + 19/3. Let w(l) = -l + 12. What is the remainder when a(y) is divided by w(9)?
1
Suppose -124*l + 9930 = 3854. Calculate the remainder when 1418 is divided by l.
46
Suppose 2*a = -c - c - 10, 3*c = -15. Suppose 9*p - 6*p = -9, 2*h + 2*p - 26 = a. What is the remainder when 59 is divided by h?
11
Suppose -z = -2, -3*u - 5*z + 7 = -6*z. Suppose -s + u*s = s. Suppose -k + 96 = -0*k + 5*j, -j + 3 = s. What is the remainder when k is divided by 21?
18
Let d be 57/(-51) - -1 - (-180)/85. Suppose 21 = d*o - 5*w - 4, -3*o - w = -63. Suppose o = y - 0*y. What is the remainder when 79 is divided by y?
19
Let l = 620 - 583. Let p be (1 - 5)*(-2)/1. Suppose -p*j + 7*j = -13. Calculate the remainder when l is divided by j.
11
Let g be (-383)/4*(-31 - -35). Let r = -211 - g. Calculate the remainder when r is divided by 29.
27
Let b = -19 - -25. Suppose -3*w = -9*w - b. Calculate the remainder when 29 is divided by (-15)/(-1) - (w - 3).
10
Suppose 3*b + 430 = 5*b - 2*l, 221 = b + 5*l. Let o be 7584/21 + 1/(-7). Suppose 0 = 15*f - 1186 + o. What is the remainder when b is divided by f?
51
Let d = -15099 - -15122. Calculate the remainder when 862 is divided by d.
11
Let l(d) = d**3 - 30*d**2 + d - 25. Let s be l(30). Let n = 32 - 11. What is the remainder when s*1*(-549)/(-45) is divided by n?
19
Let j(u) = 2*u**2 + 9*u - 31. Let t be 27*((-6)/(-18))/(-1). Calculate the remainder when j(t) is divided by 21.
8
Suppose 38*w = 410 - 106. What is the remainder when 556 is divided by w?
4
Suppose -4*l + 210 = -18. Suppose f - l - 11 = -2*j, -5*j = 0. Let d = -52 + f. What is the remainder when d is divided by 10?
6
Suppose 12333 = 151*k + 4632. Calculate the remainder when k is divided by 42.
9
Suppose -2*g = -2996 + 1978. What is the remainder when g is divided by 40?
29
Let u = -4563 - -4643. Calculate the remainder when 405 is divided by u.
5
Let p = 744 + -587. Let v = 347 + -208. Suppose -v = -3*z - 19. Calculate the remainder when p is divided by z.
37
Suppose -4*v = 3*v - 3*v. Suppose v = -14*m + 10*m + 24. What is the remainder when ((-8)/m)/(28/(-882)) is divided by 12?
6
Let l = 93 - 62. Calculate the remainder when (4 - (2 - -1)) + 50 + -2 is divided by l.
18
Calculate the remainder when 659 is divided by ((-13)/(-11))/(119/1309).
9
Let w(n) = -9*n**2 - 5*n + 6. Let x be w(2). Let h be (-3 - -1) + (x - 0) + 2. Let b = 44 + h. Calculate the remainder when b is divided by 3.
1
Let o = 16 + 3. Let a be (-2)/(1 - 3) + o + 2. Suppose 0 = -a*w + 18*w + 28. What is the remainder when 13 is divided by w?
6
Let b(k) = 4*k**2 - 8*k - 1. Suppose 0 = 4*r - 29 + 5. Calculate the remainder when b(r) is divided by (6 + -4)*(-12)/24*7 + 39.
31
What is the remainder when (1314 + 11)*((-35)/(-49) + (-4)/(-14)) is divided by 148?
141
Let x(l) = 3*l**3 - 9*l**2 + 20*l + 3. Calculate the remainder when 1066 is divided by x(3).
58
Let k = 134 - 65. Let w(o) = -7*o**2 + o + 37. Let h be w(7). Let y = h + 314. What is the remainder when k is divided by y?
9
Suppose -309 + 149 = -4*m. Calculate the remainder when 413 is divided by m.
13
What is the remainder when (-2449)/(-5) + -1 - (-384)/(-480) is divided by 480?
8
Suppose -8 - 2 = 5*b. Let n(d) = -19*d + 7. Calculate the remainder when 43/(-3)*1*-6 is divided by n(b).
41
Calculate the remainder when 573 is divided by (15/(-90)*3)/(1/(-96)).
45
Calculate the remainder when (2/(-10))/((-14)/210) is divided by (-2)/(-5) - (-144)/90.
1
Let h(j) = 15*j**3 - 2*j**2 + 1. What is the remainder when h(1) is divided by ((-42)/(-14))/(222/518)?
0
Suppose 118 = 4*l + 98. Suppose -g + 84 = l*g. Calculate the remainder when g is divided by 5.
4
What is the remainder when 243 is divided by 3 - (111*-1 + (4 - 2))?
19
What is the remainder when (306/(-816))/((-6)/55408) is divided by 77?
75
Let g(p) = -p**3 + 7*p**2 + 11*p - 68. Calculate the remainder when 9601 is divided by g(7).
7
Let o be (3 - (2 - 1))/(2/(-61)). Let m = -59 - o. Suppose m*f - 11 = 119. What is the remainder when f is divided by 23?
19
Suppose 4*h = 5*k + 37, -2*h = 2*k - 12 - 20. Calculate the remainder when (-8)/(-388) - (-2775504)/30846 is divided by h.
12
Let c be 16/4*(-3 - -4). Suppose 1 = -c*q + 21. Suppose 0 = 3*t, 5*x + 2*t - 60 = 7*t. Calculate the remainder when x is divided by q.
2
Let w = 187 + -180. Let h(v) = -2*v**3 + 2*v**2 - 4*v - 6. What is the remainder when h(-2) is divided by w?
5
Let l = 2061 + -2054. Let r(a) = -a**3 + 4*a**2 - a - 1. Let x be r(2). Suppose 49 = 2*h + x. What is the remainder when h is divided by l?
1
What is the remainder when 229 is divided by (-71 - -20)*8/(-11 - -3)?
25
Suppose 279*s - 328146 = -2832. Calculate the remainder when s is divided by 372.
50
Suppose -32*v - 36814 = -58273 - 155885. What is the remainder when v is divided by 11?
9
Let t = 1717 + -1452. What is the remainder when 265 is divided by t?
0
Let j = -5549 - -5858. Calculate the remainder when j is divided by 90.
39
Suppose -5*w - 4 = -134. Let o(b) = 11*b**2 - 14*b + 7. Let c = -33 - -37. Calculate the remainder when o(c) is divided by w.
23
Let k(n) = 4*n**2 - 44*n - 177. Calculate the remainder when 1699 is divided by k(-4).
61
Let j(l) = l**2 - 8*l - 2. Let q be j(9). Suppose -4*u - 27 = -q*u. Calculate the remainder when (-1)/3 + 27/(972/1056) is divided by u.
2
Suppose 14*c - 3398 - 6822 = 0. Suppose -k - c = -11*k. Calculate the remainder when 290 is divided by k.
71
Let x(i) = 14*i**3 + 2*i - 1. Let w be 2*(5 - (1 - -3)). Suppose 9 = w*z + 7*